{"id":2894,"date":"2022-01-19T14:00:44","date_gmt":"2022-01-19T13:00:44","guid":{"rendered":"https:\/\/riedberggemeinde.de\/kita\/?page_id=2894"},"modified":"2025-10-22T16:00:01","modified_gmt":"2025-10-22T14:00:01","slug":"startseite2022","status":"publish","type":"page","link":"https:\/\/riedberggemeinde.de\/kita\/","title":{"rendered":"Willkommen in der Evangelischen KiTa  Riedberg"},"content":{"rendered":"\n<hr class=\"wp-block-separator has-alpha-channel-opacity\"\/>\n\n\n\n<blockquote class=\"wp-block-quote has-medium-font-size is-layout-flow wp-block-quote-is-layout-flow\">\n<p class=\"has-medium-font-size\">Der n\u00e4chste Informationsnachmittag f\u00fcr Interessierte Eltern (U3 Pl\u00e4tze), zum Kennenlernen und besichtigen der Einrichtung findet am 29.01.2026 um 16:00 Uhr statt. Es ist keine Voranmeldung notwendig.<\/p>\n<\/blockquote>\n\n\n\n<hr class=\"wp-block-separator has-alpha-channel-opacity\"\/>\n\n\n\n<p>Mit unserer Kita \u2013 Homepage m\u00f6chten wir Ihnen unsere Kindertagesst\u00e4tte vorstellen. Sie sollen einen kleinen Einblick in unseren Alltag bekommen.<\/p>\n\n\n\n<p>Die Kita Riedberg ist eine Einrichtung der Evangelischen Tageseinrichtungen f\u00fcr Kinder in Frankfurt und Offenbach.&nbsp; <\/p>\n\n\n\n<p>Das Geb\u00e4ude wurde von der Stadt Frankfurt errichtet und im Sommer 2010 in Betrieb genommen. Seitdem werden entsprechend den Vorgaben der Stadt Frankfurt 82 Kinder von 0-6 Jahren in 4 Krippengruppen und 2 Kindergartengruppen betreut.<\/p>\n\n\n\n<p>Wir w\u00fcnschen den Kindern in unserer Kindertagesst\u00e4tte viele gute Erfahrungen und den Eltern eine vertrauensvolle Zusammenarbeit mit den ErzieherInnen zum Wohl der Kinder.<br>Viel Spa\u00df beim Durchschauen unserer Homepage.<\/p>\n\n\n\n<p>Annette Buchmann<br>Leitung der Kita Riedberg<\/p>\n\n\n\n<p><\/p>\n","protected":false},"excerpt":{"rendered":"<p>Der n\u00e4chste Informationsnachmittag f\u00fcr Interessierte Eltern (U3 Pl\u00e4tze), zum Kennenlernen und besichtigen der Einrichtung findet am 29.01.2026 um 16:00 Uhr statt. Es ist keine Voranmeldung notwendig. Mit unserer Kita \u2013 Homepage m\u00f6chten wir Ihnen unsere Kindertagesst\u00e4tte vorstellen. Sie sollen einen kleinen Einblick in unseren Alltag bekommen. Die Kita Riedberg ist eine Einrichtung der Evangelischen Tageseinrichtungen f\u00fcr Kinder in Frankfurt und Offenbach.&nbsp; Das Geb\u00e4ude wurde von der Stadt Frankfurt errichtet und im Sommer 2010 in Betrieb genommen. Seitdem werden entsprechend den Vorgaben der Stadt Frankfurt 82 Kinder von 0-6 Jahren in 4 Krippengruppen und 2 Kindergartengruppen betreut. Wir w\u00fcnschen den Kindern in unserer Kindertagesst\u00e4tte viele gute Erfahrungen und den Eltern eine vertrauensvolle Zusammenarbeit mit den ErzieherInnen zum Wohl der Kinder.Viel Spa\u00df beim Durchschauen unserer Homepage. Annette BuchmannLeitung der Kita Riedberg<\/p>\n","protected":false},"author":3,"featured_media":0,"parent":0,"menu_order":0,"comment_status":"closed","ping_status":"closed","template":"","meta":{"_uag_custom_page_level_css":"","footnotes":""},"class_list":["post-2894","page","type-page","status-publish","hentry"],"uagb_featured_image_src":{"full":false,"thumbnail":false,"medium":false,"medium_large":false,"large":false,"1536x1536":false,"2048x2048":false,"bard-slider-grid-thumbnail":false,"bard-full-thumbnail":false,"bard-grid-thumbnail":false,"bard-list-thumbnail":false,"bard-single-navigation":false},"uagb_author_info":{"display_name":"Sven Hentschel","author_link":"https:\/\/riedberggemeinde.de\/kita\/author\/shentschel\/"},"uagb_comment_info":0,"uagb_excerpt":"Der n\u00e4chste Informationsnachmittag f\u00fcr Interessierte Eltern (U3 Pl\u00e4tze), zum Kennenlernen und besichtigen der Einrichtung findet am 29.01.2026 um 16:00 Uhr statt. Es ist keine Voranmeldung notwendig. Mit unserer Kita \u2013 Homepage m\u00f6chten wir Ihnen unsere Kindertagesst\u00e4tte vorstellen. Sie sollen einen kleinen Einblick in unseren Alltag bekommen. Die Kita Riedberg ist eine Einrichtung der Evangelischen Tageseinrichtungen&hellip;","acf":[],"_links":{"self":[{"href":"https:\/\/riedberggemeinde.de\/kita\/wp-json\/wp\/v2\/pages\/2894","targetHints":{"allow":["GET"]}}],"collection":[{"href":"https:\/\/riedberggemeinde.de\/kita\/wp-json\/wp\/v2\/pages"}],"about":[{"href":"https:\/\/riedberggemeinde.de\/kita\/wp-json\/wp\/v2\/types\/page"}],"author":[{"embeddable":true,"href":"https:\/\/riedberggemeinde.de\/kita\/wp-json\/wp\/v2\/users\/3"}],"replies":[{"embeddable":true,"href":"https:\/\/riedberggemeinde.de\/kita\/wp-json\/wp\/v2\/comments?post=2894"}],"version-history":[{"count":37,"href":"https:\/\/riedberggemeinde.de\/kita\/wp-json\/wp\/v2\/pages\/2894\/revisions"}],"predecessor-version":[{"id":3357,"href":"https:\/\/riedberggemeinde.de\/kita\/wp-json\/wp\/v2\/pages\/2894\/revisions\/3357"}],"wp:attachment":[{"href":"https:\/\/riedberggemeinde.de\/kita\/wp-json\/wp\/v2\/media?parent=2894"}],"curies":[{"name":"wp","href":"https:\/\/api.w.org\/{rel}","templated":true}]}}