{"id":33,"date":"2015-09-03T22:23:37","date_gmt":"2015-09-03T20:23:37","guid":{"rendered":"http:\/\/kita.riedberggemeinde.de\/?page_id=33"},"modified":"2019-11-15T13:23:21","modified_gmt":"2019-11-15T12:23:21","slug":"personal","status":"publish","type":"page","link":"https:\/\/riedberggemeinde.de\/kita\/einrichtung\/personal\/","title":{"rendered":"Personal"},"content":{"rendered":"\n\n<div class=\"wp-block-group has-background\" style=\"background-color:#fafafa\"><div class=\"wp-block-group__inner-container is-layout-flow wp-block-group-is-layout-flow\">\n<p class=\"has-regular-font-size\">Das p\u00e4dagogische Personal besteht zurzeit aus 19 p\u00e4dagogischen Fachkr\u00e4ften \u2013 darunter Erzieherinnen, Sozialp\u00e4dagogen, Kinderpflegerinnen, eine Berufspraktikantin und die Kita-Leitung.<\/p>\n\n\n\n<p class=\"has-regular-font-size\">Dar\u00fcber hinaus bieten wir regelm\u00e4\u00dfig zuk\u00fcnftigen Erzieherinnen und Erziehern die M\u00f6glichkeit, den praktischen Teil ihrer Ausbildung in unserer Kita zu absolvieren (Blockpraktikum, Berufspraktikum) um sich mit Unterst\u00fctzung der Fachkr\u00e4fte zu erproben und mit p\u00e4dagogischen Inhalten auseinanderzusetzen. Zus\u00e4tzlich bieten wir die M\u00f6glichkeit, ein Freiwilliges Soziales Jahr (FSJ) in unserer Einrichtung abzuleisten.<\/p>\n\n\n\n<p class=\"has-regular-font-size\">F\u00fcr kleine handwerkliche Arbeiten, Gartenarbeiten sowie Eink\u00e4ufe steht uns einmal in der Woche ein Hausmeister zur Verf\u00fcgung.<\/p>\n<\/div><\/div>\n\n","protected":false},"excerpt":{"rendered":"<p>Das p\u00e4dagogische Personal besteht zurzeit aus 19 p\u00e4dagogischen Fachkr\u00e4ften \u2013 darunter Erzieherinnen, Sozialp\u00e4dagogen, Kinderpflegerinnen, eine Berufspraktikantin und die Kita-Leitung. Dar\u00fcber hinaus bieten wir regelm\u00e4\u00dfig zuk\u00fcnftigen Erzieherinnen und Erziehern die M\u00f6glichkeit, den praktischen Teil ihrer Ausbildung in unserer Kita zu absolvieren (Blockpraktikum, Berufspraktikum) um sich mit Unterst\u00fctzung der Fachkr\u00e4fte zu erproben und mit p\u00e4dagogischen Inhalten auseinanderzusetzen. Zus\u00e4tzlich bieten wir die M\u00f6glichkeit, ein Freiwilliges Soziales Jahr (FSJ) in unserer Einrichtung abzuleisten. F\u00fcr kleine handwerkliche Arbeiten, Gartenarbeiten sowie Eink\u00e4ufe steht uns einmal in der Woche ein Hausmeister zur Verf\u00fcgung.<\/p>\n","protected":false},"author":5,"featured_media":0,"parent":14,"menu_order":0,"comment_status":"closed","ping_status":"closed","template":"","meta":{"_uag_custom_page_level_css":"","footnotes":""},"class_list":["post-33","page","type-page","status-publish","hentry"],"uagb_featured_image_src":{"full":false,"thumbnail":false,"medium":false,"medium_large":false,"large":false,"1536x1536":false,"2048x2048":false,"bard-slider-grid-thumbnail":false,"bard-full-thumbnail":false,"bard-grid-thumbnail":false,"bard-list-thumbnail":false,"bard-single-navigation":false},"uagb_author_info":{"display_name":"ev. KiTa der Riedberggemeinde","author_link":"https:\/\/riedberggemeinde.de\/kita\/author\/ev-kita-der-riedberggemeinde\/"},"uagb_comment_info":0,"uagb_excerpt":"Das p\u00e4dagogische Personal besteht zurzeit aus 19 p\u00e4dagogischen Fachkr\u00e4ften \u2013 darunter Erzieherinnen, Sozialp\u00e4dagogen, Kinderpflegerinnen, eine Berufspraktikantin und die Kita-Leitung. Dar\u00fcber hinaus bieten wir regelm\u00e4\u00dfig zuk\u00fcnftigen Erzieherinnen und Erziehern die M\u00f6glichkeit, den praktischen Teil ihrer Ausbildung in unserer Kita zu absolvieren (Blockpraktikum, Berufspraktikum) um sich mit Unterst\u00fctzung der Fachkr\u00e4fte zu erproben und mit p\u00e4dagogischen Inhalten auseinanderzusetzen.&hellip;","acf":[],"_links":{"self":[{"href":"https:\/\/riedberggemeinde.de\/kita\/wp-json\/wp\/v2\/pages\/33","targetHints":{"allow":["GET"]}}],"collection":[{"href":"https:\/\/riedberggemeinde.de\/kita\/wp-json\/wp\/v2\/pages"}],"about":[{"href":"https:\/\/riedberggemeinde.de\/kita\/wp-json\/wp\/v2\/types\/page"}],"author":[{"embeddable":true,"href":"https:\/\/riedberggemeinde.de\/kita\/wp-json\/wp\/v2\/users\/5"}],"replies":[{"embeddable":true,"href":"https:\/\/riedberggemeinde.de\/kita\/wp-json\/wp\/v2\/comments?post=33"}],"version-history":[{"count":10,"href":"https:\/\/riedberggemeinde.de\/kita\/wp-json\/wp\/v2\/pages\/33\/revisions"}],"predecessor-version":[{"id":1963,"href":"https:\/\/riedberggemeinde.de\/kita\/wp-json\/wp\/v2\/pages\/33\/revisions\/1963"}],"up":[{"embeddable":true,"href":"https:\/\/riedberggemeinde.de\/kita\/wp-json\/wp\/v2\/pages\/14"}],"wp:attachment":[{"href":"https:\/\/riedberggemeinde.de\/kita\/wp-json\/wp\/v2\/media?parent=33"}],"curies":[{"name":"wp","href":"https:\/\/api.w.org\/{rel}","templated":true}]}}